et l(b) be the first derivative of 4*b - 1/3*b**3 + 1/2*b**2 - 14. Determine l(-3).
-8
Let j(s) = 2. Let g(o) = -9. Let x(v) = -g(v) - 4*j(v). Let q(a) = 5*a + 5. Let p(i) = q(i) - 2*x(i). Determine p(-2).
-7
Suppose -2 = -3*m + 4. Suppose -10 = -3*j - m*b + 4, j + 2 = -4*b. Let x(p) = 4 - p**2 - 3*p**2 - 3*p**2 + j*p**2. What is x(-3)?
-5
Let k(c) = -2*c + 4 + 3 - 6 - 4*c. Let y(m) = 7*m - 2. Let t(x) = -4*k(x) - 3*y(x). Give t(-2).
-4
Suppose -6*h - 33 + 45 = 0. Let m(t) = 6*t + 21*t**h + 0*t - 5 - t - 22*t**2. Give m(4).
-1
Let o(b) = 7 - 4*b + 2 + 3*b. Suppose 94*f = 90*f - 16. Let l be f + -4*(99/(-12))/3. What is o(l)?
2
Let n = 4 - 10. Let o(v) be the first derivative of 13*v + 36 + 1/2*v**2. Calculate o(n).
7
Let n(b) = b**3 + 6*b - 5. Let v(y) = -y**2 + y - 1. Let f(d) = -n(d) + 6*v(d). Let k(l) = l + 2. Let h be k(-8). Determine f(h).
-1
Suppose 2*a = -8, -4*y + 3*a + 30 = 6. Suppose -15 = -2*x - 5, 4*x - 44 = -y*n. Let q(k) = 3*k - 10. Give q(n).
14
Let a(u) = 8*u**3 + 2*u**2 + 3*u + 2. Let l(m) = 9*m**3 + 2*m**2 + 2*m + 1. Let t(f) = -2*a(f) + 3*l(f). Let r(g) = -g**2 + 11*g - 27. Let p be r(4). Give t(p).
12
Let r(t) = -t**3 - 8*t**2 + 8*t - 6. Let i be r(-9). Let g be (1/i)/((-2)/6) + -3. Let d(j) = j**3 + 4*j**2 - 2. What is d(g)?
-2
Suppose 5 = 3*t - 4. Let f(r) = -r**3 + r**2 - 3*r + 7. Let d be f(0). Let c(n) = -84*n**2 - d - n**t + 78*n**2 - n + 1. What is c(-6)?
0
Let v(c) be the third derivative of c**6/120 + c**5/12 - 5*c**4/24 - 7*c**3/6 + 2*c**2 - 19. Calculate v(-6).
-13
Let f(r) = 22 + 4*r - 11 - 3*r**2 - 13 - 8*r**2 + r**3 - 3*r. Determine f(11).
9
Let s = 18 - 34. Let d be -10 - -9 - s/2. Let t(o) = o**2 + 10*o + 9 - 3*o - d. Give t(-5).
-8
Let a(n) = 11*n**3 - 19*n**2 - 3*n - 22. Let d(s) = 5*s**3 - 9*s**2 - s - 10. Let l(h) = -4*a(h) + 9*d(h). Determine l(4).
-6
Let c = 5 + -3. Let b(u) be the first derivative of 3 - 26*u**2 + 2*u + 24*u**2 - 6 - 3. Give b(c).
-6
Let b(w) be the second derivative of w**6/90 - w**5/60 + w**4/24 - 11*w**3/2 + 22*w. Let n(a) be the second derivative of b(a). What is n(1)?
3
Let f(a) = 6*a + 20. Let t(d) = 5*d + 16. Let w(z) = 4*f(z) - 5*t(z). Suppose -5 = -4*k + 3. Let n be (1/2 - 0)*k. What is w(n)?
-1
Let d(g) = 1577*g**2 + 8 - 2 - 1578*g**2. Calculate d(3).
-3
Let t(k) = 179*k - 3 - 62*k - 61*k - 57*k. Let r(q) = q**2 + 5*q - 6. Let o be r(-6). Give t(o).
-3
Let x be -1 + -2 + 1*4. Let p(m) = x - 7 + 6 - 13*m**2. What is p(1)?
-13
Let f(t) = 3*t - 1. Suppose 9*x - 5*x + 204 = 0. Let r = -45 - x. What is f(r)?
17
Let p(d) = 50*d - d**2 - 8 + 42*d - 92*d - d**2. What is p(4)?
-40
Let v(d) = -3 - 1 + 4 - 15*d + 20*d + d**2. What is v(-6)?
6
Let f(v) = 7*v**2 - 6*v. Let m(u) = u**2 - u. Let n(k) = -f(k) + 6*m(k). Give n(-6).
-36
Let w be 1 - ((-36)/27 - (-13)/3). Let z(i) = -4*i + 2. Determine z(w).
10
Let p(u) = -38*u + 125 + u**2 - 127 + 34*u. Suppose 2*j + 2 = -5*r, 4*j - 3*r = 2*r + 26. Determine p(j).
-2
Let s(v) be the third derivative of 0*v - 1/60*v**5 - 1/6*v**3 - v**2 + 0 - 1/12*v**4. Determine s(-4).
-9
Let a(z) = 19*z - 5. Suppose 8*y - 8 = 8. What is a(y)?
33
Suppose -2*c - 36 = -4*n, -n + 5*n + 3*c - 26 = 0. Suppose -4*b + n*b = 28. Let h(v) = -v**3 + 8*v**2 - 5*v - 8. Determine h(b).
6
Let n(c) = -c**3 - 9*c**2 + 8*c - 11. Suppose -y = 4*k + 57 - 12, 3*k = 5*y - 5. Let f be n(k). Let d(i) = -i**2 + 4 - f + 0*i**2 + 6*i. Give d(5).
0
Let c(q) be the first derivative of q**4/4 + 15*q + 7. What is c(0)?
15
Let w(j) = -j**3 - 3*j**2 + 8*j + 5. Let o = -170 - -165. What is w(o)?
15
Let x(a) = 4. Let h = 131 - 129. Let z(v) = -v - 9. Let f(r) = h*z(r) + 5*x(r). Determine f(3).
-4
Let x be ((-14)/(-35))/(5/75). Let c(n) = n**2 - 5*n + 1. What is c(x)?
7
Let q(n) = 26*n. Suppose -3*m + 22 = 1. Suppose -3*c = 4*c + m. Give q(c).
-26
Suppose 12 = s + 5*s. Let k(f) = -1 - 9*f + 14*f + 1 + f**s. Calculate k(-6).
6
Let h be (-13 - -5) + 2*1. Let l = -5 - h. Let g(w) = -w - 1. Let m(p) = -2*p - 3. Let j(a) = 3*g(a) - m(a). What is j(l)?
-1
Let c(i) be the second derivative of i**8/960 - i**6/720 + 8*i**4/3 - 6*i. Let n(d) be the third derivative of c(d). Determine n(-1).
-6
Suppose 0 = -2*u + 6*u + 4. Let a(r) = -13*r - 1. Let s be 14 - ((-3)/(-1) + -6). Let f(c) = 37*c + 3. Let m(x) = s*a(x) + 6*f(x). Determine m(u).
0
Let y(c) = -c**2 - 2*c + 3. Let q(r) = 1. Let n(o) = 4*q(o) - y(o). Suppose -2*k + 13 = -3*l + 34, l + 10 = -5*k. Calculate n(k).
4
Let b(s) = 16 - 7*s + 2*s + 4*s + 3*s. Give b(-3).
10
Suppose 6*o - o + 15 = 0. Let k(t) = -20*t - 20. Let x = -28 - -72. Let r(b) = -b - 1. Let h(z) = x*r(z) - 2*k(z). Calculate h(o).
8
Let y(m) be the first derivative of m**2 + 5. What is y(5)?
10
Suppose -2*p = -3*p. Let m(u) be the first derivative of u**5/20 - u**4/12 + u**2/2 + 23*u - 11. Let s(x) be the first derivative of m(x). Calculate s(p).
1
Let d = 14 + -12. Let o(u) = 10*u**2 + 6 - 6*u**2 - 5*u**d - 6*u. Calculate o(-6).
6
Let u(y) be the first derivative of 2*y**2 + 3 + 7*y + 1/4*y**4 - 7/3*y**3. Suppose -4*p + 8*p = 24. Calculate u(p).
-5
Let c(b) = b**3 + 8*b**2 + 9*b + 8. Let x be c(-7). Let s(n) = -4*n + n**2 - 5*n + 15*n + 3. Let f be s(x). Let p(a) = -a - 1. Determine p(f).
-4
Let n(y) be the third derivative of -y**6/60 - y**5/60 + y**4/24 - 2*y**3/3 + 2*y**2. Give n(-2).
6
Suppose 3*r + 2*r + 3*y = 33, 1 = y. Let h be (6 + r)*(-1)/2. Let c(j) = j**2 + 4*j + 5. What is c(h)?
17
Let v(s) = -5*s**3 + 3*s**2 - 11*s - 4. Let b(a) = -6*a**3 + 5*a**2 - 13*a - 5. Let h(d) = 4*b(d) - 5*v(d). What is h(-4)?
4
Let l(p) be the first derivative of -3*p**3 + p - 3. What is l(1)?
-8
Let p(w) be the second derivative of w**5/60 - w**3/2 - 3*w**2/2 + 3*w. Let o(v) be the first derivative of p(v). Calculate o(-4).
13
Suppose 10 = 2*x - 4*j - 8, -5*j = -2*x + 18. Let l(n) = -5*n**2 - 4*n - 5. Let v(i) = 11*i**2 + 9*i + 11. Let d(z) = x*l(z) + 4*v(z). Determine d(2).
-5
Let q = 1 - -2. Let m(d) = -d + 2 + d + q*d. Suppose -2*w = -3 + 7. Determine m(w).
-4
Let n(y) be the third derivative of y**4/24 - 5*y**3/6 - y**2. Let o be ((-1)/3)/(9/1107). Let z = o + 45. Calculate n(z).
-1
Suppose 4*f - 3*f = -5. Let j = f - -10. Let a(m) = 20*m + 5 - 6*m + m**3 - 8*m + j*m**2. What is a(-4)?
-3
Suppose 0*s - 35 = -s. Let b = 339 + -337. Suppose 0 = -7*v + b*v - s. Let x(c) = c**3 + 6*c**2 - 5*c + 9. Determine x(v).
-5
Let k(f) = -f**2 + 11*f**2 - 5*f**2 - 4*f**2 + 7*f. Let h be ((-4)/10)/((-3)/(-60)). Determine k(h).
8
Let l(b) be the first derivative of 3*b**2/2 - 2*b - 1. Suppose 3 = p - i + 9, -2*p = -3*i + 13. What is l(p)?
-17
Let z = 32 - 25. Let n(g) = -4 + 0 + 3*g**2 + g + z*g - 2*g**2. Determine n(-8).
-4
Let x = 14 - 8. Suppose m = -m + x. Let o be (-2 - m/(-6))*-2. Let h(w) = 4*w + 2. Give h(o).
14
Let q be 8/(-2)*(-15)/12. Let r(i) = -3*i + 12. Let h be r(q). Let w(y) = -y**2 - y - 1. Calculate w(h).
-7
Let c(j) = 0 + 2*j + 5 - 9*j + 8 + 0. Calculate c(3).
-8
Let f(s) = -s**3 - 6*s**2 - 4*s - 3. Let m be 27/(3/(-12) - -1). Let t = -26 + m. Let p be (-1 - 0)/(2/t). Give f(p).
-8
Let f(k) = 4*k**2 - 7*k - 24. Let b(u) = -5*u**2 + 7*u + 27. Let y(x) = 3*b(x) + 4*f(x). Give y(8).
-7
Let n(a) = -a**3 - 4*a**2 + 7*a + 4. Let y be n(-5). Let c(u) = 2 - 2 - 3 - 2*u + 2. What is c(y)?
11
Let k(d) = 5 + 16*d - 17*d + 6 + 0. What is k(0)?
11
Let p(m) be the first derivative of 4*m**3/3 - m**2 - 3*m - 103. Calculate p(3).
27
Let k(r) = 2*r**2 - 24*r - 15. Let f(g) = 7*g - 9. Let s be f(3). Give k(s).
-15
Let v be 20/(-8)*(-2 + 0). Suppose 4*y + v = h, h = -3*y - 3 + 8. Suppose 0 = -r + 3*q + q - 10, y = -5*r - 5*q. Let n(o) = -2*o**2 - 2*o. Give n(r).
-4
Let d be (-6 - (-150)/20 - 3)*-2. Let s(y) = 2*y + 2 - 2*y - 5*y + y**2. Determine s(d).
-4
Let l(m) = 16*m**2 + 7*m. Let x(r) = -17*r**2 - 6*r. Let f(s) = 5*l(s) + 6*x(s). Give f(-1).
-21
Let z be 0/(-2) - (-2 - 5). Let w(o) be the third derivative of 1/60*o**5 - 43*o**2 + 0 - 3/8*o**4 + 5/3*o**3 + 0*o. Give w(z).
-4
Let z(p) = p**3 - 8*p**2 + 7*p - 5. Let f(k) = 3*k**3 - 23*k**2 + 20*k - 14. Let x(w) = -6*f(w) + 17*z(w). What is x(3)?
-13
Let g(w) be the third derivative of w**5/60 - 2*w**4/3 + 35*w**3/6 - w**2 + 91*w. Give g(13).
-4
Let s(y) = -4*y - 16. Suppose 0 = -3*l - 10*x + 5*x - 30, 0 = -2*l - 2*x - 16. Give s(l).
4
Let c(r) = -r*